{"id":404,"date":"2024-01-24T10:26:18","date_gmt":"2024-01-24T15:26:18","guid":{"rendered":"https:\/\/puentesycarreteras.com\/?page_id=404"},"modified":"2024-02-06T14:39:50","modified_gmt":"2024-02-06T19:39:50","slug":"locaciones","status":"publish","type":"page","link":"https:\/\/puentesycarreteras.com\/index.php\/locaciones\/","title":{"rendered":"Locaciones"},"content":{"rendered":"\n<p><p style=\"text-align: justify\">El contexto de la construcci\u00f3n de un campo petrolero, la locaci\u00f3n es el resultado de los procesos constructivos y de estabilizaci\u00f3n que mejoran y preparan el terreno para soportar el equipo de perforaci\u00f3n, equipamiento, facilidades y todos los mecanismos que apoyan el proceso para llegar a la explotaci\u00f3n.<\/p><\/p>\n\n\n\n<figure class=\"wp-block-gallery has-nested-images columns-default is-cropped wp-block-gallery-1 is-layout-flex wp-block-gallery-is-layout-flex\">\n<figure data-wp-context=\"{&quot;imageId&quot;:&quot;69d971eca6d84&quot;}\" data-wp-interactive=\"core\/image\" data-wp-key=\"69d971eca6d84\" class=\"wp-block-image size-large wp-lightbox-container\"><img loading=\"lazy\" decoding=\"async\" width=\"1280\" height=\"561\" data-wp-class--hide=\"state.isContentHidden\" data-wp-class--show=\"state.isContentVisible\" data-wp-init=\"callbacks.setButtonStyles\" data-wp-on--click=\"actions.showLightbox\" data-wp-on--load=\"callbacks.setButtonStyles\" data-wp-on-window--resize=\"callbacks.setButtonStyles\" data-id=\"406\" src=\"https:\/\/puentesycarreteras.com\/wp-content\/uploads\/2024\/01\/Cluster66BQ-CPO09-Guamal.jpg\" alt=\"\" class=\"wp-image-406\"\/><button\n\t\t\tclass=\"lightbox-trigger\"\n\t\t\ttype=\"button\"\n\t\t\taria-haspopup=\"dialog\"\n\t\t\taria-label=\"Agrandar\"\n\t\t\tdata-wp-init=\"callbacks.initTriggerButton\"\n\t\t\tdata-wp-on--click=\"actions.showLightbox\"\n\t\t\tdata-wp-style--right=\"state.imageButtonRight\"\n\t\t\tdata-wp-style--top=\"state.imageButtonTop\"\n\t\t>\n\t\t\t<svg xmlns=\"http:\/\/www.w3.org\/2000\/svg\" width=\"12\" height=\"12\" fill=\"none\" viewBox=\"0 0 12 12\">\n\t\t\t\t<path fill=\"#fff\" d=\"M2 0a2 2 0 0 0-2 2v2h1.5V2a.5.5 0 0 1 .5-.5h2V0H2Zm2 10.5H2a.5.5 0 0 1-.5-.5V8H0v2a2 2 0 0 0 2 2h2v-1.5ZM8 12v-1.5h2a.5.5 0 0 0 .5-.5V8H12v2a2 2 0 0 1-2 2H8Zm2-12a2 2 0 0 1 2 2v2h-1.5V2a.5.5 0 0 0-.5-.5H8V0h2Z\" \/>\n\t\t\t<\/svg>\n\t\t<\/button><\/figure>\n<\/figure>\n","protected":false},"excerpt":{"rendered":"<p>El contexto de la construcci\u00f3n de un campo petrolero, la locaci\u00f3n es el resultado de los procesos constructivos y de estabilizaci\u00f3n que mejoran y preparan el terreno para soportar el equipo de perforaci\u00f3n, equipamiento, facilidades y todos los mecanismos que apoyan el proceso para llegar a la explotaci\u00f3n.<\/p>\n","protected":false},"author":1,"featured_media":406,"parent":0,"menu_order":0,"comment_status":"closed","ping_status":"closed","template":"","meta":{"footnotes":""},"class_list":["post-404","page","type-page","status-publish","has-post-thumbnail","hentry"],"_links":{"self":[{"href":"https:\/\/puentesycarreteras.com\/index.php\/wp-json\/wp\/v2\/pages\/404","targetHints":{"allow":["GET"]}}],"collection":[{"href":"https:\/\/puentesycarreteras.com\/index.php\/wp-json\/wp\/v2\/pages"}],"about":[{"href":"https:\/\/puentesycarreteras.com\/index.php\/wp-json\/wp\/v2\/types\/page"}],"author":[{"embeddable":true,"href":"https:\/\/puentesycarreteras.com\/index.php\/wp-json\/wp\/v2\/users\/1"}],"replies":[{"embeddable":true,"href":"https:\/\/puentesycarreteras.com\/index.php\/wp-json\/wp\/v2\/comments?post=404"}],"version-history":[{"count":6,"href":"https:\/\/puentesycarreteras.com\/index.php\/wp-json\/wp\/v2\/pages\/404\/revisions"}],"predecessor-version":[{"id":510,"href":"https:\/\/puentesycarreteras.com\/index.php\/wp-json\/wp\/v2\/pages\/404\/revisions\/510"}],"wp:featuredmedia":[{"embeddable":true,"href":"https:\/\/puentesycarreteras.com\/index.php\/wp-json\/wp\/v2\/media\/406"}],"wp:attachment":[{"href":"https:\/\/puentesycarreteras.com\/index.php\/wp-json\/wp\/v2\/media?parent=404"}],"curies":[{"name":"wp","href":"https:\/\/api.w.org\/{rel}","templated":true}]}}