{"id":643,"date":"2024-02-20T16:38:13","date_gmt":"2024-02-20T21:38:13","guid":{"rendered":"https:\/\/puentesycarreteras.com\/?page_id=643"},"modified":"2025-05-06T14:54:44","modified_gmt":"2025-05-06T19:54:44","slug":"obras-ejecutadas","status":"publish","type":"page","link":"https:\/\/puentesycarreteras.com\/index.php\/obras-ejecutadas\/","title":{"rendered":"Obras Ejecutadas"},"content":{"rendered":"\n<div class=\"wp-block-query is-layout-flow wp-block-query-is-layout-flow\"><ul style=\"font-size:17px;\" class=\"wp-block-post-template is-layout-flow wp-block-post-template-is-layout-flow\"><li class=\"wp-block-post post-428 post type-post status-publish format-standard has-post-thumbnail hentry category-locaciones tag-puentes-y-carreteras\">\n\n<div class=\"wp-block-columns alignwide is-layout-flex wp-container-core-columns-is-layout-9d6595d7 wp-block-columns-is-layout-flex\">\n<div class=\"wp-block-column is-layout-flow wp-block-column-is-layout-flow\" style=\"flex-basis:66.66%\"><figure class=\"wp-block-post-featured-image\"><a href=\"https:\/\/puentesycarreteras.com\/index.php\/2024\/01\/31\/bloque-cor-15-locacion-zorro-1-y-oveja-1\/\" target=\"_self\"  ><img loading=\"lazy\" decoding=\"async\" width=\"1077\" height=\"614\" src=\"https:\/\/puentesycarreteras.com\/wp-content\/uploads\/2024\/01\/BloqueCor-15LocacionZorro1Oveja1-img8.jpg\" class=\"attachment-post-thumbnail size-post-thumbnail wp-post-image\" alt=\"Bloque Cor-15\" style=\"object-fit:cover;\" \/><\/a><\/figure><\/div>\n\n\n\n<div class=\"wp-block-column is-layout-flow wp-block-column-is-layout-flow\" style=\"flex-basis:33.33%\"><h2 class=\"wp-block-post-title\"><a href=\"https:\/\/puentesycarreteras.com\/index.php\/2024\/01\/31\/bloque-cor-15-locacion-zorro-1-y-oveja-1\/\" target=\"_self\" >Bloque Cor-15<\/a><\/h2>\n\n<div class=\"wp-block-post-excerpt\"><p class=\"wp-block-post-excerpt__excerpt\">Construcci\u00f3n de V\u00eda de Acceso y Locaci\u00f3n Zorro 1 &#8211;\u00a0Oveja\u00a01 Corrales &#8211; Boyac\u00e1 <\/p><\/div><\/div>\n<\/div>\n\n<\/li><li class=\"wp-block-post post-411 post type-post status-publish format-standard has-post-thumbnail hentry category-locaciones tag-puentes-y-carreteras\">\n\n<div class=\"wp-block-columns alignwide is-layout-flex wp-container-core-columns-is-layout-9d6595d7 wp-block-columns-is-layout-flex\">\n<div class=\"wp-block-column is-layout-flow wp-block-column-is-layout-flow\" style=\"flex-basis:66.66%\"><figure class=\"wp-block-post-featured-image\"><a href=\"https:\/\/puentesycarreteras.com\/index.php\/2024\/01\/24\/cluster66bq-cpo09\/\" target=\"_self\"  ><img loading=\"lazy\" decoding=\"async\" width=\"1368\" height=\"770\" src=\"https:\/\/puentesycarreteras.com\/wp-content\/uploads\/2024\/02\/CPO9-23.jpg\" class=\"attachment-post-thumbnail size-post-thumbnail wp-post-image\" alt=\"Bloque CPO9\" style=\"object-fit:cover;\" \/><\/a><\/figure><\/div>\n\n\n\n<div class=\"wp-block-column is-layout-flow wp-block-column-is-layout-flow\" style=\"flex-basis:33.33%\"><h2 class=\"wp-block-post-title\"><a href=\"https:\/\/puentesycarreteras.com\/index.php\/2024\/01\/24\/cluster66bq-cpo09\/\" target=\"_self\" >Bloque CPO9<\/a><\/h2>\n\n<div class=\"wp-block-post-excerpt\"><p class=\"wp-block-post-excerpt__excerpt\">Construcci\u00f3n de V\u00eda de Acceso y Locaci\u00f3n Cl\u00faster 66 Guamal &#8211; Meta <\/p><\/div><\/div>\n<\/div>\n\n<\/li><li class=\"wp-block-post post-365 post type-post status-publish format-standard has-post-thumbnail hentry category-locaciones\">\n\n<div class=\"wp-block-columns alignwide is-layout-flex wp-container-core-columns-is-layout-9d6595d7 wp-block-columns-is-layout-flex\">\n<div class=\"wp-block-column is-layout-flow wp-block-column-is-layout-flow\" style=\"flex-basis:66.66%\"><figure class=\"wp-block-post-featured-image\"><a href=\"https:\/\/puentesycarreteras.com\/index.php\/2024\/01\/12\/locaciones\/\" target=\"_self\"  ><img loading=\"lazy\" decoding=\"async\" width=\"1600\" height=\"1200\" src=\"https:\/\/puentesycarreteras.com\/wp-content\/uploads\/2024\/01\/PortadaCuerva.jpg\" class=\"attachment-post-thumbnail size-post-thumbnail wp-post-image\" alt=\"Bloque Cuerva\" style=\"object-fit:cover;\" \/><\/a><\/figure><\/div>\n\n\n\n<div class=\"wp-block-column is-layout-flow wp-block-column-is-layout-flow\" style=\"flex-basis:33.33%\"><h2 class=\"wp-block-post-title\"><a href=\"https:\/\/puentesycarreteras.com\/index.php\/2024\/01\/12\/locaciones\/\" target=\"_self\" >Bloque Cuerva<\/a><\/h2>\n\n<div class=\"wp-block-post-excerpt\"><p class=\"wp-block-post-excerpt__excerpt\">Construcci\u00f3n de V\u00edas de Acceso y Locaciones Cuerva 1 a 9 Paz de Ariporo &#8211; Casanare <\/p><\/div><\/div>\n<\/div>\n\n<\/li><li class=\"wp-block-post post-414 post type-post status-publish format-standard has-post-thumbnail hentry category-locaciones tag-puentes-y-carreteras\">\n\n<div class=\"wp-block-columns alignwide is-layout-flex wp-container-core-columns-is-layout-9d6595d7 wp-block-columns-is-layout-flex\">\n<div class=\"wp-block-column is-layout-flow wp-block-column-is-layout-flow\" style=\"flex-basis:66.66%\"><figure class=\"wp-block-post-featured-image\"><a href=\"https:\/\/puentesycarreteras.com\/index.php\/2024\/01\/24\/dorotea\/\" target=\"_self\"  ><img loading=\"lazy\" decoding=\"async\" width=\"3072\" height=\"2304\" src=\"https:\/\/puentesycarreteras.com\/wp-content\/uploads\/2024\/02\/Portada-Dorotea.jpg\" class=\"attachment-post-thumbnail size-post-thumbnail wp-post-image\" alt=\"Bloque Dorotea\" style=\"object-fit:cover;\" \/><\/a><\/figure><\/div>\n\n\n\n<div class=\"wp-block-column is-layout-flow wp-block-column-is-layout-flow\" style=\"flex-basis:33.33%\"><h2 class=\"wp-block-post-title\"><a href=\"https:\/\/puentesycarreteras.com\/index.php\/2024\/01\/24\/dorotea\/\" target=\"_self\" >Bloque Dorotea<\/a><\/h2>\n\n<div class=\"wp-block-post-excerpt\"><p class=\"wp-block-post-excerpt__excerpt\">Construcci\u00f3n de V\u00edas de Acceso y Locaciones Bloque Dorotea Paz de Ariporo &#8211; Casanare <\/p><\/div><\/div>\n<\/div>\n\n<\/li><li class=\"wp-block-post post-835 post type-post status-publish format-standard has-post-thumbnail hentry category-concretos tag-puentes-y-carreteras\">\n\n<div class=\"wp-block-columns alignwide is-layout-flex wp-container-core-columns-is-layout-9d6595d7 wp-block-columns-is-layout-flex\">\n<div class=\"wp-block-column is-layout-flow wp-block-column-is-layout-flow\" style=\"flex-basis:66.66%\"><figure class=\"wp-block-post-featured-image\"><a href=\"https:\/\/puentesycarreteras.com\/index.php\/2024\/02\/27\/concretos\/\" target=\"_self\"  ><img loading=\"lazy\" decoding=\"async\" width=\"2048\" height=\"1306\" src=\"https:\/\/puentesycarreteras.com\/wp-content\/uploads\/2024\/02\/Alcantarilla-construida-en-la-via-de-acceso-al-bloque-Cuerva-2010.jpg\" class=\"attachment-post-thumbnail size-post-thumbnail wp-post-image\" alt=\"Concretos\" style=\"object-fit:cover;\" \/><\/a><\/figure><\/div>\n\n\n\n<div class=\"wp-block-column is-layout-flow wp-block-column-is-layout-flow\" style=\"flex-basis:33.33%\"><h2 class=\"wp-block-post-title\"><a href=\"https:\/\/puentesycarreteras.com\/index.php\/2024\/02\/27\/concretos\/\" target=\"_self\" >Concretos<\/a><\/h2>\n\n<div class=\"wp-block-post-excerpt\"><p class=\"wp-block-post-excerpt__excerpt\">Construcci\u00f3n de obras en concreto con resistencias entre 1000 y 3000 PSI <\/p><\/div><\/div>\n<\/div>\n\n<\/li><li class=\"wp-block-post post-362 post type-post status-publish format-standard has-post-thumbnail hentry category-gaviones\">\n\n<div class=\"wp-block-columns alignwide is-layout-flex wp-container-core-columns-is-layout-9d6595d7 wp-block-columns-is-layout-flex\">\n<div class=\"wp-block-column is-layout-flow wp-block-column-is-layout-flow\" style=\"flex-basis:66.66%\"><figure class=\"wp-block-post-featured-image\"><a href=\"https:\/\/puentesycarreteras.com\/index.php\/2024\/01\/12\/gaviones\/\" target=\"_self\"  ><img loading=\"lazy\" decoding=\"async\" width=\"3264\" height=\"2448\" src=\"https:\/\/puentesycarreteras.com\/wp-content\/uploads\/2024\/01\/Gaviones-1.jpg\" class=\"attachment-post-thumbnail size-post-thumbnail wp-post-image\" alt=\"Gaviones\" style=\"object-fit:cover;\" \/><\/a><\/figure><\/div>\n\n\n\n<div class=\"wp-block-column is-layout-flow wp-block-column-is-layout-flow\" style=\"flex-basis:33.33%\"><h2 class=\"wp-block-post-title\"><a href=\"https:\/\/puentesycarreteras.com\/index.php\/2024\/01\/12\/gaviones\/\" target=\"_self\" >Gaviones<\/a><\/h2>\n\n<div class=\"wp-block-post-excerpt\"><p class=\"wp-block-post-excerpt__excerpt\">Obras para controlar la erosi\u00f3n, derrumbes y contenci\u00f3n de taludes <\/p><\/div><\/div>\n<\/div>\n\n<\/li><li class=\"wp-block-post post-399 post type-post status-publish format-standard has-post-thumbnail hentry category-locaciones category-puentes tag-puentes tag-puentes-y-carreteras\">\n\n<div class=\"wp-block-columns alignwide is-layout-flex wp-container-core-columns-is-layout-9d6595d7 wp-block-columns-is-layout-flex\">\n<div class=\"wp-block-column is-layout-flow wp-block-column-is-layout-flow\" style=\"flex-basis:66.66%\"><figure class=\"wp-block-post-featured-image\"><a href=\"https:\/\/puentesycarreteras.com\/index.php\/2024\/01\/24\/puente-provisional\/\" target=\"_self\"  ><img loading=\"lazy\" decoding=\"async\" width=\"1600\" height=\"1200\" src=\"https:\/\/puentesycarreteras.com\/wp-content\/uploads\/2024\/02\/puenteFijo-CanoViaAccesoLlano58-4-2.jpg\" class=\"attachment-post-thumbnail size-post-thumbnail wp-post-image\" alt=\"Puentes\" style=\"object-fit:cover;\" \/><\/a><\/figure><\/div>\n\n\n\n<div class=\"wp-block-column is-layout-flow wp-block-column-is-layout-flow\" style=\"flex-basis:33.33%\"><h2 class=\"wp-block-post-title\"><a href=\"https:\/\/puentesycarreteras.com\/index.php\/2024\/01\/24\/puente-provisional\/\" target=\"_self\" >Puentes<\/a><\/h2>\n\n<div class=\"wp-block-post-excerpt\"><p class=\"wp-block-post-excerpt__excerpt\">Construcci\u00f3n de obras de ocupaci\u00f3n de cauces para asegurar la movilidad <\/p><\/div><\/div>\n<\/div>\n\n<\/li><\/ul><\/div>\n","protected":false},"excerpt":{"rendered":"","protected":false},"author":1,"featured_media":366,"parent":0,"menu_order":0,"comment_status":"closed","ping_status":"closed","template":"","meta":{"footnotes":""},"class_list":["post-643","page","type-page","status-publish","has-post-thumbnail","hentry"],"_links":{"self":[{"href":"https:\/\/puentesycarreteras.com\/index.php\/wp-json\/wp\/v2\/pages\/643","targetHints":{"allow":["GET"]}}],"collection":[{"href":"https:\/\/puentesycarreteras.com\/index.php\/wp-json\/wp\/v2\/pages"}],"about":[{"href":"https:\/\/puentesycarreteras.com\/index.php\/wp-json\/wp\/v2\/types\/page"}],"author":[{"embeddable":true,"href":"https:\/\/puentesycarreteras.com\/index.php\/wp-json\/wp\/v2\/users\/1"}],"replies":[{"embeddable":true,"href":"https:\/\/puentesycarreteras.com\/index.php\/wp-json\/wp\/v2\/comments?post=643"}],"version-history":[{"count":25,"href":"https:\/\/puentesycarreteras.com\/index.php\/wp-json\/wp\/v2\/pages\/643\/revisions"}],"predecessor-version":[{"id":1056,"href":"https:\/\/puentesycarreteras.com\/index.php\/wp-json\/wp\/v2\/pages\/643\/revisions\/1056"}],"wp:featuredmedia":[{"embeddable":true,"href":"https:\/\/puentesycarreteras.com\/index.php\/wp-json\/wp\/v2\/media\/366"}],"wp:attachment":[{"href":"https:\/\/puentesycarreteras.com\/index.php\/wp-json\/wp\/v2\/media?parent=643"}],"curies":[{"name":"wp","href":"https:\/\/api.w.org\/{rel}","templated":true}]}}